e 3*a = 8 + 10. Let y(n) = n**3 - 5*n**2 - 4*n + 2. Let o be y(a). Calculate the highest common divisor of 35 and o.
7
Let j = 709 - 631. Calculate the highest common factor of j and 663.
39
Suppose -5*q - 3*l = -196, -3*q + 122*l = 119*l - 132. What is the highest common divisor of 533 and q?
41
Let j(x) = -x**2 + 2*x + 2. Let f be j(4). Let q(h) = -3*h. Let u be q(f). Calculate the highest common divisor of u and 9.
9
Let m = 568 + -566. Calculate the highest common factor of 22 and m.
2
Let f(v) = 8*v**3 - 3*v**2 + 3*v. Let b be f(1). Let c be 0/3 + (b - 2). Calculate the greatest common factor of 6 and c.
6
Let u(p) = -169*p - 106. Let h be u(-1). What is the highest common divisor of 42 and h?
21
Suppose 7*v - 4*v = 36. Suppose -v*f - 19 = -13*f. Calculate the greatest common divisor of f and 38.
19
Let v(n) = 3*n**3 + 2*n**2 - 7*n + 9. Let m be v(4). What is the highest common divisor of m and 5?
5
Let s(j) = -270*j + 10. Let h be s(-1). Calculate the highest common factor of h and 42.
14
Let r = -2247 + 2984. Calculate the greatest common factor of 67 and r.
67
Suppose 5*z = 12 + 8. Let n = z - 1. Suppose 5*q - y = 91, -y = n*q - 0*y - 61. What is the highest common divisor of q and 152?
19
Let z(f) = f**3 + 3*f**2 - 11*f - 3. Let o be z(-5). Let g be 20/(1 + o/(-6)). What is the highest common factor of 30 and g?
30
Let j be 30/15 + 2 + 36 + 1. Suppose 0 = -d - j + 161. Calculate the greatest common divisor of 15 and d.
15
Let m = -940 + 1731. Calculate the greatest common divisor of m and 113.
113
Let t = 814 - 446. Calculate the greatest common divisor of t and 138.
46
Suppose 52*t - 1651 - 221 = 0. Calculate the greatest common divisor of 288 and t.
36
Let h be (-6 + 11)/((-2)/(-4)). Suppose h*n = 5*n - 30. Let t = 12 - n. What is the highest common factor of 6 and t?
6
Suppose 3*k - 4*r = 4*k - 10, 0 = 3*k - 4*r - 62. Let x = k - 17. What is the greatest common factor of x and 3?
1
Suppose -4*m + 4*n = -20, 76*m - 71*m = -4*n + 7. Calculate the highest common divisor of 123 and m.
3
Suppose 0 = -2*v + 7*v - 85. Suppose -a = -19 - v. Calculate the greatest common divisor of 9 and a.
9
Let p(k) = -k**3 + 2*k**2 - 2*k + 2. Let l be p(1). Calculate the highest common factor of l and 15.
1
Suppose 10 + 8 = -2*u. Let v be (-40)/(-3) - 6/u. Suppose -4*g = -2*i - 10, -3*g + 13 = -4*i + 3. Calculate the greatest common factor of v and g.
2
Let c = 735 + -603. What is the greatest common factor of 297 and c?
33
Let y = 11 + -6. Let g be ((-18)/(-15))/(18/600). What is the greatest common divisor of g and y?
5
Let a = -783 - -1449. Let t be a/14 + 12/28. What is the greatest common factor of 16 and t?
16
Let b = -2509 + 2514. What is the highest common divisor of b and 36?
1
Suppose -z + 5*q + 39 = -49, 0 = 4*z - 2*q - 352. Let n = 56 + -34. What is the greatest common factor of n and z?
22
Suppose 3*i - 6*i = 3*f - 12, i = f + 2. Suppose -u + 0*o = -2*o - 35, 54 = 2*u + 4*o. Let v = 37 - u. Calculate the greatest common divisor of i and v.
3
Let k be 6 - 4/2 - 1. Suppose 2*n + 0*n = -4*v + 4, -v - n = 0. Suppose 23 = v*h - 1. What is the highest common divisor of k and h?
3
Suppose -3*m = -3*k, -5*m - 5*k + k + 27 = 0. Suppose 3*l = 2*j + l, m*l + 10 = 5*j. What is the highest common divisor of 15 and j?
5
Suppose 4*d = -2*i + 120, -d = 59*i - 58*i - 58. Calculate the greatest common divisor of i and 448.
56
Let b(t) = t**3 - 7*t**2 + 2*t + 9. Let c be b(7). Let w = 69 + c. Calculate the highest common factor of 69 and w.
23
Let c = -6 - -12. Let s(b) = b**3 - 5*b**2 - 3*b + 5. Let g be s(c). Let u = g + 17. What is the greatest common divisor of u and 16?
8
Let s(r) = 4*r - 1. Let l be s(1). Suppose l*w - 23 = 13. What is the highest common factor of w and 108?
12
Let d(a) = -3*a**2 - a - 1. Let f be d(-5). Let b = 90 + f. What is the highest common factor of b and 171?
19
Suppose 115 - 147 = -8*v. Calculate the highest common factor of 460 and v.
4
Suppose 0 = m + 2*w - 38, 3*m - 103 = 4*w + 51. What is the highest common divisor of 368 and m?
46
Let i = 1022 + -966. Calculate the greatest common factor of 70 and i.
14
Suppose -2*r + 3*r - 16 = 0. Let s be 24/r*(-32)/(-3). What is the greatest common divisor of 112 and s?
16
Let h be 9/(-6)*128/(-3). Suppose s = q - 3, -14*s + 18*s + 4 = 3*q. Calculate the greatest common divisor of h and q.
8
Let k be 8/(-20) + (4 - (-54)/(-15)). Let q be k - (-5)/((-10)/(-58)). Calculate the greatest common divisor of 290 and q.
29
Suppose 5*w + 85 = 16*h - 12*h, -2*w = -5*h + 85. What is the highest common divisor of 3090 and h?
15
Let h(g) = -g**3 - g**2 - g + 8. Let f be h(-4). Calculate the highest common divisor of f and 255.
15
Let t = -2 - -18. Let w be (-6)/((-47)/80 - 16/(-40)). Calculate the highest common factor of w and t.
16
Let z(b) = -b**3 - 6*b**2 - 3*b + 7. Let w be z(-5). Let r be ((-10)/w)/(4/12). Suppose 0*y + 2*y = r. What is the highest common divisor of 25 and y?
5
Let o be (-451)/(-2) - 2/4. Suppose 178 + 178 = 2*g. Let j = g + -153. What is the greatest common divisor of j and o?
25
Suppose -84 = -154*h + 151*h. What is the highest common factor of h and 224?
28
Suppose -45 = -5*v - 20. Suppose 0 = -p + v*p - 136. Calculate the highest common factor of 51 and p.
17
Suppose 0 = 4*k + 2*o - 12, 3*k - o + 5 = 9. Calculate the greatest common divisor of 81 and k.
1
Let m = 149 - 23. Let a(o) = -o**2 + o + 36. Let u be a(0). What is the greatest common divisor of u and m?
18
Suppose 0 = -b - 5*j + 193, -3*b + b - j = -404. Let l(d) = -5*d**2 + 38*d + 45. Let u be l(8). Calculate the greatest common factor of b and u.
29
Let p(u) = -15*u + 123. Let m be p(-11). What is the highest common factor of 480 and m?
96
Let a = -85 + 127. Let q be (1/3)/((-9)/(-648)) + -3. What is the highest common factor of a and q?
21
Suppose j + 19 = 2*r, -2*j = 2*j + 4. Calculate the highest common divisor of 225 and r.
9
Suppose -12*u = 28 - 412. What is the greatest common divisor of u and 160?
32
Suppose 4*s + 198 + 6 = 2*o, 4*o - 412 = 4*s. Suppose o = 5*h - 3*h. What is the highest common divisor of h and 26?
26
Let g(y) = 2*y**2 + 4*y - 2. Let q(j) = -j**3 + 7*j**2 - 8*j + 8. Let p be q(6). Let k be g(p). Calculate the greatest common factor of 112 and k.
14
Suppose -5*w = 905 + 280. Let i = -165 - w. Calculate the greatest common divisor of i and 36.
36
Let m(i) = i**2 - i. Let v be m(-3). Suppose f = -20 - v. Let c be ((-3)/4)/(2/f). Calculate the highest common factor of c and 108.
12
Suppose 5*z + 10 = 30. Let n be 2 + (1/4)/((-1)/z). Calculate the greatest common divisor of n and 17.
1
Let d be (-1 - -4)*16/12. Suppose -d*f + 3*u + 19 = 2*u, u - 1 = 0. Suppose -v = -f*v + 108. What is the highest common factor of v and 18?
9
Suppose 10*p - 4*p - 6960 = 0. Suppose -3*b + p = 2*b. What is the highest common divisor of 29 and b?
29
Suppose -2*j - 3*b = -262, -4*j + 524 = -5*b + b. Let y = j + -53. What is the greatest common divisor of y and 52?
26
Suppose -38*t = -40*t + 3*f + 109, -57 = -t - f. What is the highest common divisor of 140 and t?
28
Let o be (-4 - (-602)/35)/(4/10). Let z(y) = 11*y**2 - 2*y + 2. Let t be z(1). What is the highest common divisor of t and o?
11
Suppose s = -3*s + 12. Suppose s*i + 9 - 42 = 0. Let j(p) = -p**3 + 14*p**2 + 5*p - 15. Let b be j(14). What is the greatest common factor of i and b?
11
Let i be 6/(-4)*70/(-21). Let j be -63*2/6*(-15)/i. Calculate the highest common divisor of j and 21.
21
Let j be 246/(-287)*(-7)/3 + 46. Calculate the highest common divisor of 1776 and j.
48
Suppose -8*p + 2*p + 3060 = 0. What is the highest common divisor of p and 15?
15
Suppose -3*a + 5*q + 4 = 0, 2*a - 12 = -5*q - 1. Suppose -4*n + 5*n = a. What is the highest common factor of n and 3?
3
Let u be (-4)/(((-5)/730)/((-9)/(-6))). What is the greatest common divisor of u and 12?
12
Suppose 0 = 3*c - c - 20. Let j = 7 - c. Let y be (j*(-2)/6)/1. Calculate the highest common factor of y and 1.
1
Let o be (-169)/(-5) + 3/15. Calculate the highest common divisor of o and 68.
34
Let r(t) = 3*t**3 - 3*t**2 - t. Let z be r(-3). Let d = z + 156. Suppose -v + 5*o + d = 2*v, 5*v = 3*o + 69. What is the greatest common divisor of v and 60?
12
Suppose -2*j - 167 = -6*j + 3*p, -p - 81